{"id":55637,"date":"2025-03-17T12:35:36","date_gmt":"2025-03-17T11:35:36","guid":{"rendered":"https:\/\/product-guide.org\/produkt\/wanderurlaub-im-schwarzwald-mit-idyllischen-fachwerkstadtchen-erlebe-de-aktiv-2\/"},"modified":"2025-03-17T12:35:36","modified_gmt":"2025-03-17T11:35:36","slug":"wanderurlaub-im-schwarzwald-mit-idyllischen-fachwerkstadtchen-erlebe-de-aktiv-2","status":"publish","type":"product","link":"https:\/\/product-guide.org\/en\/produkt\/wanderurlaub-im-schwarzwald-mit-idyllischen-fachwerkstadtchen-erlebe-de-aktiv-2\/","title":{"rendered":"Wanderurlaub im Schwarzwald mit idyllischen Fachwerkst\u00e4dtchen | erlebe.de\/AKTIV"},"content":{"rendered":"<p>Sie wandern im Kinzigtal auf gut ausgeschilderten, abwechslungsreichen Wanderwegen. Auf einzelnen Abschnitten erwartet Sie auch steileres Gel\u00e4nde. Sie wandern abwechselnd durch W\u00e4lder und durch offenes Gel\u00e4nde mit sch\u00f6nen Aussichten und kleinen Ortschaften mit h\u00fcbschen Fassaden, in denen Sie unterwegs immer wieder charmante Einkehrm\u00f6glichkeiten mit leckerem Kuchen und Kaffee finden. Fahren Sie mit der roten Schwarzwaldbahn in die Berge und schl\u00e4ngeln Sie sich mit dem Zug durch endlose Tunnel und \u00fcber hohe Viadukte. Wandern Sie vorbei an den typischen Schwarzwaldh\u00f6fen auf die h\u00f6chsten Bergk\u00e4mme und versuchen Sie, in der Ferne die Alpen zu ersp\u00e4hen.<\/p>\n","protected":false},"excerpt":{"rendered":"<p>Sie wandern im Kinzigtal auf gut ausgeschilderten, abwechslungsreichen Wanderwegen. Auf einzelnen Abschnitten erwartet Sie auch steileres Gel\u00e4nde. Sie wandern abwechselnd durch W\u00e4lder und durch offenes Gel\u00e4nde mit sch\u00f6nen Aussichten und kleinen Ortschaften mit h\u00fcbschen Fassaden, in denen Sie unterwegs immer wieder charmante Einkehrm\u00f6glichkeiten mit leckerem Kuchen und Kaffee finden. Fahren Sie mit der roten Schwarzwaldbahn [&hellip;]<\/p>\n","protected":false},"featured_media":55635,"template":"","meta":{"_gspb_post_css":""},"store":[],"product_brand":[1432],"product_cat":[1290],"product_tag":[],"class_list":{"0":"post-55637","1":"product","2":"type-product","3":"status-publish","4":"has-post-thumbnail","6":"product_brand-erlebe-de-aktiv","7":"product_cat-uncategorized","9":"first","10":"instock","11":"shipping-taxable","12":"purchasable","13":"product-type-simple"},"yoast_head":"<!-- This site is optimized with the Yoast SEO plugin v24.6 - https:\/\/yoast.com\/wordpress\/plugins\/seo\/ -->\n<title>Wanderurlaub im Schwarzwald mit idyllischen Fachwerkst\u00e4dtchen | erlebe.de\/AKTIV | Product-Guide.org<\/title>\n<meta name=\"description\" content=\"Wanderurlaub im Schwarzwald mit idyllischen Fachwerkst\u00e4dtchen | erlebe.de\/AKTIV gefunden von Product-Guide.org\" \/>\n<meta name=\"robots\" content=\"index, follow, max-snippet:-1, max-image-preview:large, max-video-preview:-1\" \/>\n<link rel=\"canonical\" href=\"https:\/\/product-guide.org\/en\/produkt\/wanderurlaub-im-schwarzwald-mit-idyllischen-fachwerkstadtchen-erlebe-de-aktiv-2\/\" \/>\n<meta property=\"og:locale\" content=\"en_GB\" \/>\n<meta property=\"og:type\" content=\"article\" \/>\n<meta property=\"og:title\" content=\"Wanderurlaub im Schwarzwald mit idyllischen Fachwerkst\u00e4dtchen | erlebe.de\/AKTIV | Product-Guide.org\" \/>\n<meta property=\"og:description\" content=\"Wanderurlaub im Schwarzwald mit idyllischen Fachwerkst\u00e4dtchen | erlebe.de\/AKTIV gefunden von Product-Guide.org\" \/>\n<meta property=\"og:url\" content=\"https:\/\/product-guide.org\/en\/produkt\/wanderurlaub-im-schwarzwald-mit-idyllischen-fachwerkstadtchen-erlebe-de-aktiv-2\/\" \/>\n<meta property=\"og:site_name\" content=\"Product-Guide.org\" \/>\n<meta name=\"twitter:card\" content=\"summary_large_image\" \/>\n<script type=\"application\/ld+json\" class=\"yoast-schema-graph\">{\"@context\":\"https:\/\/schema.org\",\"@graph\":[{\"@type\":\"WebPage\",\"@id\":\"https:\/\/product-guide.org\/produkt\/wanderurlaub-im-schwarzwald-mit-idyllischen-fachwerkstadtchen-erlebe-de-aktiv-2\/\",\"url\":\"https:\/\/product-guide.org\/produkt\/wanderurlaub-im-schwarzwald-mit-idyllischen-fachwerkstadtchen-erlebe-de-aktiv-2\/\",\"name\":\"Wanderurlaub im Schwarzwald mit idyllischen Fachwerkst\u00e4dtchen | erlebe.de\/AKTIV | Product-Guide.org\",\"isPartOf\":{\"@id\":\"https:\/\/product-guide.org\/#website\"},\"primaryImageOfPage\":{\"@id\":\"https:\/\/product-guide.org\/produkt\/wanderurlaub-im-schwarzwald-mit-idyllischen-fachwerkstadtchen-erlebe-de-aktiv-2\/#primaryimage\"},\"image\":{\"@id\":\"https:\/\/product-guide.org\/produkt\/wanderurlaub-im-schwarzwald-mit-idyllischen-fachwerkstadtchen-erlebe-de-aktiv-2\/#primaryimage\"},\"thumbnailUrl\":\"https:\/\/product-guide.org\/wp-content\/uploads\/2025\/03\/Affiliate_490508.jpg\",\"datePublished\":\"2025-03-17T11:35:36+00:00\",\"description\":\"Wanderurlaub im Schwarzwald mit idyllischen Fachwerkst\u00e4dtchen | erlebe.de\/AKTIV gefunden von Product-Guide.org\",\"breadcrumb\":{\"@id\":\"https:\/\/product-guide.org\/produkt\/wanderurlaub-im-schwarzwald-mit-idyllischen-fachwerkstadtchen-erlebe-de-aktiv-2\/#breadcrumb\"},\"inLanguage\":\"en-GB\",\"potentialAction\":[{\"@type\":\"ReadAction\",\"target\":[\"https:\/\/product-guide.org\/produkt\/wanderurlaub-im-schwarzwald-mit-idyllischen-fachwerkstadtchen-erlebe-de-aktiv-2\/\"]}]},{\"@type\":\"ImageObject\",\"inLanguage\":\"en-GB\",\"@id\":\"https:\/\/product-guide.org\/produkt\/wanderurlaub-im-schwarzwald-mit-idyllischen-fachwerkstadtchen-erlebe-de-aktiv-2\/#primaryimage\",\"url\":\"https:\/\/product-guide.org\/wp-content\/uploads\/2025\/03\/Affiliate_490508.jpg\",\"contentUrl\":\"https:\/\/product-guide.org\/wp-content\/uploads\/2025\/03\/Affiliate_490508.jpg\",\"width\":977,\"height\":549},{\"@type\":\"BreadcrumbList\",\"@id\":\"https:\/\/product-guide.org\/produkt\/wanderurlaub-im-schwarzwald-mit-idyllischen-fachwerkstadtchen-erlebe-de-aktiv-2\/#breadcrumb\",\"itemListElement\":[{\"@type\":\"ListItem\",\"position\":1,\"name\":\"Home\",\"item\":\"https:\/\/product-guide.org\/\"},{\"@type\":\"ListItem\",\"position\":2,\"name\":\"Ergebnisse\",\"item\":\"https:\/\/product-guide.org\/de\/ergebnisse\/\"},{\"@type\":\"ListItem\",\"position\":3,\"name\":\"Wanderurlaub im Schwarzwald mit idyllischen Fachwerkst\u00e4dtchen | erlebe.de\/AKTIV\"}]},{\"@type\":\"WebSite\",\"@id\":\"https:\/\/product-guide.org\/#website\",\"url\":\"https:\/\/product-guide.org\/\",\"name\":\"Product-Guide.org\",\"description\":\"What Product are you looking for?\",\"publisher\":{\"@id\":\"https:\/\/product-guide.org\/#organization\"},\"potentialAction\":[{\"@type\":\"SearchAction\",\"target\":{\"@type\":\"EntryPoint\",\"urlTemplate\":\"https:\/\/product-guide.org\/?s={search_term_string}\"},\"query-input\":{\"@type\":\"PropertyValueSpecification\",\"valueRequired\":true,\"valueName\":\"search_term_string\"}}],\"inLanguage\":\"en-GB\"},{\"@type\":\"Organization\",\"@id\":\"https:\/\/product-guide.org\/#organization\",\"name\":\"Product-Guide.org\",\"url\":\"https:\/\/product-guide.org\/\",\"logo\":{\"@type\":\"ImageObject\",\"inLanguage\":\"en-GB\",\"@id\":\"https:\/\/product-guide.org\/#\/schema\/logo\/image\/\",\"url\":\"https:\/\/product-guide.org\/wp-content\/uploads\/2022\/07\/logo_transparent_background.png\",\"contentUrl\":\"https:\/\/product-guide.org\/wp-content\/uploads\/2022\/07\/logo_transparent_background.png\",\"width\":3400,\"height\":1132,\"caption\":\"Product-Guide.org\"},\"image\":{\"@id\":\"https:\/\/product-guide.org\/#\/schema\/logo\/image\/\"}}]}<\/script>\n<!-- \/ Yoast SEO plugin. -->","yoast_head_json":{"title":"Wanderurlaub im Schwarzwald mit idyllischen Fachwerkst\u00e4dtchen | erlebe.de\/AKTIV | Product-Guide.org","description":"Wanderurlaub im Schwarzwald mit idyllischen Fachwerkst\u00e4dtchen | erlebe.de\/AKTIV gefunden von Product-Guide.org","robots":{"index":"index","follow":"follow","max-snippet":"max-snippet:-1","max-image-preview":"max-image-preview:large","max-video-preview":"max-video-preview:-1"},"canonical":"https:\/\/product-guide.org\/en\/produkt\/wanderurlaub-im-schwarzwald-mit-idyllischen-fachwerkstadtchen-erlebe-de-aktiv-2\/","og_locale":"en_GB","og_type":"article","og_title":"Wanderurlaub im Schwarzwald mit idyllischen Fachwerkst\u00e4dtchen | erlebe.de\/AKTIV | Product-Guide.org","og_description":"Wanderurlaub im Schwarzwald mit idyllischen Fachwerkst\u00e4dtchen | erlebe.de\/AKTIV gefunden von Product-Guide.org","og_url":"https:\/\/product-guide.org\/en\/produkt\/wanderurlaub-im-schwarzwald-mit-idyllischen-fachwerkstadtchen-erlebe-de-aktiv-2\/","og_site_name":"Product-Guide.org","twitter_card":"summary_large_image","schema":{"@context":"https:\/\/schema.org","@graph":[{"@type":"WebPage","@id":"https:\/\/product-guide.org\/produkt\/wanderurlaub-im-schwarzwald-mit-idyllischen-fachwerkstadtchen-erlebe-de-aktiv-2\/","url":"https:\/\/product-guide.org\/produkt\/wanderurlaub-im-schwarzwald-mit-idyllischen-fachwerkstadtchen-erlebe-de-aktiv-2\/","name":"Wanderurlaub im Schwarzwald mit idyllischen Fachwerkst\u00e4dtchen | erlebe.de\/AKTIV | Product-Guide.org","isPartOf":{"@id":"https:\/\/product-guide.org\/#website"},"primaryImageOfPage":{"@id":"https:\/\/product-guide.org\/produkt\/wanderurlaub-im-schwarzwald-mit-idyllischen-fachwerkstadtchen-erlebe-de-aktiv-2\/#primaryimage"},"image":{"@id":"https:\/\/product-guide.org\/produkt\/wanderurlaub-im-schwarzwald-mit-idyllischen-fachwerkstadtchen-erlebe-de-aktiv-2\/#primaryimage"},"thumbnailUrl":"https:\/\/product-guide.org\/wp-content\/uploads\/2025\/03\/Affiliate_490508.jpg","datePublished":"2025-03-17T11:35:36+00:00","description":"Wanderurlaub im Schwarzwald mit idyllischen Fachwerkst\u00e4dtchen | erlebe.de\/AKTIV gefunden von Product-Guide.org","breadcrumb":{"@id":"https:\/\/product-guide.org\/produkt\/wanderurlaub-im-schwarzwald-mit-idyllischen-fachwerkstadtchen-erlebe-de-aktiv-2\/#breadcrumb"},"inLanguage":"en-GB","potentialAction":[{"@type":"ReadAction","target":["https:\/\/product-guide.org\/produkt\/wanderurlaub-im-schwarzwald-mit-idyllischen-fachwerkstadtchen-erlebe-de-aktiv-2\/"]}]},{"@type":"ImageObject","inLanguage":"en-GB","@id":"https:\/\/product-guide.org\/produkt\/wanderurlaub-im-schwarzwald-mit-idyllischen-fachwerkstadtchen-erlebe-de-aktiv-2\/#primaryimage","url":"https:\/\/product-guide.org\/wp-content\/uploads\/2025\/03\/Affiliate_490508.jpg","contentUrl":"https:\/\/product-guide.org\/wp-content\/uploads\/2025\/03\/Affiliate_490508.jpg","width":977,"height":549},{"@type":"BreadcrumbList","@id":"https:\/\/product-guide.org\/produkt\/wanderurlaub-im-schwarzwald-mit-idyllischen-fachwerkstadtchen-erlebe-de-aktiv-2\/#breadcrumb","itemListElement":[{"@type":"ListItem","position":1,"name":"Home","item":"https:\/\/product-guide.org\/"},{"@type":"ListItem","position":2,"name":"Ergebnisse","item":"https:\/\/product-guide.org\/de\/ergebnisse\/"},{"@type":"ListItem","position":3,"name":"Wanderurlaub im Schwarzwald mit idyllischen Fachwerkst\u00e4dtchen | erlebe.de\/AKTIV"}]},{"@type":"WebSite","@id":"https:\/\/product-guide.org\/#website","url":"https:\/\/product-guide.org\/","name":"Product-Guide.org","description":"What Product are you looking for?","publisher":{"@id":"https:\/\/product-guide.org\/#organization"},"potentialAction":[{"@type":"SearchAction","target":{"@type":"EntryPoint","urlTemplate":"https:\/\/product-guide.org\/?s={search_term_string}"},"query-input":{"@type":"PropertyValueSpecification","valueRequired":true,"valueName":"search_term_string"}}],"inLanguage":"en-GB"},{"@type":"Organization","@id":"https:\/\/product-guide.org\/#organization","name":"Product-Guide.org","url":"https:\/\/product-guide.org\/","logo":{"@type":"ImageObject","inLanguage":"en-GB","@id":"https:\/\/product-guide.org\/#\/schema\/logo\/image\/","url":"https:\/\/product-guide.org\/wp-content\/uploads\/2022\/07\/logo_transparent_background.png","contentUrl":"https:\/\/product-guide.org\/wp-content\/uploads\/2022\/07\/logo_transparent_background.png","width":3400,"height":1132,"caption":"Product-Guide.org"},"image":{"@id":"https:\/\/product-guide.org\/#\/schema\/logo\/image\/"}}]}},"_links":{"self":[{"href":"https:\/\/product-guide.org\/en\/wp-json\/wp\/v2\/product\/55637","targetHints":{"allow":["GET"]}}],"collection":[{"href":"https:\/\/product-guide.org\/en\/wp-json\/wp\/v2\/product"}],"about":[{"href":"https:\/\/product-guide.org\/en\/wp-json\/wp\/v2\/types\/product"}],"wp:featuredmedia":[{"embeddable":true,"href":"https:\/\/product-guide.org\/en\/wp-json\/wp\/v2\/media\/55635"}],"wp:attachment":[{"href":"https:\/\/product-guide.org\/en\/wp-json\/wp\/v2\/media?parent=55637"}],"wp:term":[{"taxonomy":"store","embeddable":true,"href":"https:\/\/product-guide.org\/en\/wp-json\/wp\/v2\/store?post=55637"},{"taxonomy":"product_brand","embeddable":true,"href":"https:\/\/product-guide.org\/en\/wp-json\/wp\/v2\/product_brand?post=55637"},{"taxonomy":"product_cat","embeddable":true,"href":"https:\/\/product-guide.org\/en\/wp-json\/wp\/v2\/product_cat?post=55637"},{"taxonomy":"product_tag","embeddable":true,"href":"https:\/\/product-guide.org\/en\/wp-json\/wp\/v2\/product_tag?post=55637"}],"curies":[{"name":"wp","href":"https:\/\/api.w.org\/{rel}","templated":true}]}}

Wanderurlaub im Schwarzwald mit idyllischen Fachwerkstädtchen | erlebe.de/AKTIV

<p>Sie wandern im Kinzigtal auf gut ausgeschilderten, abwechslungsreichen Wanderwegen. Auf einzelnen Abschnitten erwartet Sie auch steileres Gelände. Sie wandern abwechselnd durch Wälder und durch offenes Gelände mit schönen Aussichten und kleinen Ortschaften mit hübschen Fassaden, in denen Sie unterwegs immer wieder charmante Einkehrmöglichkeiten mit leckerem Kuchen und Kaffee finden. Fahren Sie mit der roten Schwarzwaldbahn in die Berge und schlängeln Sie sich mit dem Zug durch endlose Tunnel und über hohe Viadukte. Wandern Sie vorbei an den typischen Schwarzwaldhöfen auf die höchsten Bergkämme und versuchen Sie, in der Ferne die Alpen zu erspähen.</p>

<p>Sie wandern im Kinzigtal auf gut ausgeschilderten, abwechslungsreichen Wanderwegen. Auf einzelnen Abschnitten erwartet Sie auch steileres Gelände. Sie wandern abwechselnd durch Wälder und durch offenes Gelände mit schönen Aussichten und kleinen Ortschaften mit hübschen Fassaden, in denen Sie unterwegs immer wieder charmante Einkehrmöglichkeiten mit leckerem Kuchen und Kaffee finden. Fahren Sie mit der roten Schwarzwaldbahn [&hellip;]</p>

<!-- This site is optimized with the Yoast SEO plugin v24.6 - https://yoast.com/wordpress/plugins/seo/ -->
<title>Wanderurlaub im Schwarzwald mit idyllischen Fachwerkstädtchen | erlebe.de/AKTIV | Product-Guide.org</title>
<meta name="description" content="Wanderurlaub im Schwarzwald mit idyllischen Fachwerkstädtchen | erlebe.de/AKTIV gefunden von Product-Guide.org" />
<meta name="robots" content="index, follow, max-snippet:-1, max-image-preview:large, max-video-preview:-1" />
<link rel="canonical" href="https://product-guide.org/en/produkt/wanderurlaub-im-schwarzwald-mit-idyllischen-fachwerkstadtchen-erlebe-de-aktiv-2/" />
<meta property="og:locale" content="en_GB" />
<meta property="og:type" content="article" />
<meta property="og:title" content="Wanderurlaub im Schwarzwald mit idyllischen Fachwerkstädtchen | erlebe.de/AKTIV | Product-Guide.org" />
<meta property="og:description" content="Wanderurlaub im Schwarzwald mit idyllischen Fachwerkstädtchen | erlebe.de/AKTIV gefunden von Product-Guide.org" />
<meta property="og:url" content="https://product-guide.org/en/produkt/wanderurlaub-im-schwarzwald-mit-idyllischen-fachwerkstadtchen-erlebe-de-aktiv-2/" />
<meta property="og:site_name" content="Product-Guide.org" />
<meta name="twitter:card" content="summary_large_image" />
<script type="application/ld+json" class="yoast-schema-graph">{"@context":"https://schema.org","@graph":[{"@type":"WebPage","@id":"https://product-guide.org/produkt/wanderurlaub-im-schwarzwald-mit-idyllischen-fachwerkstadtchen-erlebe-de-aktiv-2/","url":"https://product-guide.org/produkt/wanderurlaub-im-schwarzwald-mit-idyllischen-fachwerkstadtchen-erlebe-de-aktiv-2/","name":"Wanderurlaub im Schwarzwald mit idyllischen Fachwerkstädtchen | erlebe.de/AKTIV | Product-Guide.org","isPartOf":{"@id":"https://product-guide.org/#website"},"primaryImageOfPage":{"@id":"https://product-guide.org/produkt/wanderurlaub-im-schwarzwald-mit-idyllischen-fachwerkstadtchen-erlebe-de-aktiv-2/#primaryimage"},"image":{"@id":"https://product-guide.org/produkt/wanderurlaub-im-schwarzwald-mit-idyllischen-fachwerkstadtchen-erlebe-de-aktiv-2/#primaryimage"},"thumbnailUrl":"https://product-guide.org/wp-content/uploads/2025/03/Affiliate_490508.jpg","datePublished":"2025-03-17T11:35:36+00:00","description":"Wanderurlaub im Schwarzwald mit idyllischen Fachwerkstädtchen | erlebe.de/AKTIV gefunden von Product-Guide.org","breadcrumb":{"@id":"https://product-guide.org/produkt/wanderurlaub-im-schwarzwald-mit-idyllischen-fachwerkstadtchen-erlebe-de-aktiv-2/#breadcrumb"},"inLanguage":"en-GB","potentialAction":[{"@type":"ReadAction","target":["https://product-guide.org/produkt/wanderurlaub-im-schwarzwald-mit-idyllischen-fachwerkstadtchen-erlebe-de-aktiv-2/"]}]},{"@type":"ImageObject","inLanguage":"en-GB","@id":"https://product-guide.org/produkt/wanderurlaub-im-schwarzwald-mit-idyllischen-fachwerkstadtchen-erlebe-de-aktiv-2/#primaryimage","url":"https://product-guide.org/wp-content/uploads/2025/03/Affiliate_490508.jpg","contentUrl":"https://product-guide.org/wp-content/uploads/2025/03/Affiliate_490508.jpg","width":977,"height":549},{"@type":"BreadcrumbList","@id":"https://product-guide.org/produkt/wanderurlaub-im-schwarzwald-mit-idyllischen-fachwerkstadtchen-erlebe-de-aktiv-2/#breadcrumb","itemListElement":[{"@type":"ListItem","position":1,"name":"Home","item":"https://product-guide.org/"},{"@type":"ListItem","position":2,"name":"Ergebnisse","item":"https://product-guide.org/de/ergebnisse/"},{"@type":"ListItem","position":3,"name":"Wanderurlaub im Schwarzwald mit idyllischen Fachwerkstädtchen | erlebe.de/AKTIV"}]},{"@type":"WebSite","@id":"https://product-guide.org/#website","url":"https://product-guide.org/","name":"Product-Guide.org","description":"What Product are you looking for?","publisher":{"@id":"https://product-guide.org/#organization"},"potentialAction":[{"@type":"SearchAction","target":{"@type":"EntryPoint","urlTemplate":"https://product-guide.org/?s={search_term_string}"},"query-input":{"@type":"PropertyValueSpecification","valueRequired":true,"valueName":"search_term_string"}}],"inLanguage":"en-GB"},{"@type":"Organization","@id":"https://product-guide.org/#organization","name":"Product-Guide.org","url":"https://product-guide.org/","logo":{"@type":"ImageObject","inLanguage":"en-GB","@id":"https://product-guide.org/#/schema/logo/image/","url":"https://product-guide.org/wp-content/uploads/2022/07/logo_transparent_background.png","contentUrl":"https://product-guide.org/wp-content/uploads/2022/07/logo_transparent_background.png","width":3400,"height":1132,"caption":"Product-Guide.org"},"image":{"@id":"https://product-guide.org/#/schema/logo/image/"}}]}</script>
<!-- / Yoast SEO plugin. -->

Wanderurlaub im Schwarzwald mit idyllischen Fachwerkstädtchen | erlebe.de/AKTIV | Product-Guide.org

Wanderurlaub im Schwarzwald mit idyllischen Fachwerkstädtchen | erlebe.de/AKTIV gefunden von Product-Guide.org
